7
What is the greatest common factor of 19 and 17461?
19
Calculate the highest common divisor of 1827 and 105903.
63
What is the greatest common divisor of 3620 and 35476?
724
What is the greatest common divisor of 38556 and 12564?
36
Calculate the greatest common divisor of 82 and 46945.
41
Calculate the highest common divisor of 135760 and 80.
80
What is the greatest common divisor of 195 and 262990?
65
Calculate the highest common factor of 1225 and 1837255.
245
Calculate the highest common divisor of 820302 and 84.
42
Calculate the highest common factor of 3830594 and 94.
94
Calculate the greatest common divisor of 2794 and 1166.
22
What is the greatest common factor of 15 and 165415?
5
Calculate the highest common factor of 3895720 and 80.
40
Calculate the highest common divisor of 2814 and 994.
14
Calculate the greatest common factor of 1066 and 2314.
26
Calculate the greatest common factor of 412 and 4376.
4
Calculate the greatest common divisor of 262680 and 30.
30
Calculate the greatest common factor of 98856 and 72.
72
What is the greatest common factor of 37 and 61605?
37
What is the highest common factor of 111 and 2072?
37
What is the highest common divisor of 3895 and 153135?
205
Calculate the greatest common divisor of 54756 and 72332.
676
What is the greatest common divisor of 10095 and 2955?
15
Calculate the highest common factor of 6 and 302652.
6
Calculate the greatest common divisor of 78 and 15660.
6
Calculate the highest common factor of 280 and 34580.
140
Calculate the greatest common factor of 7 and 7217.
7
What is the greatest common divisor of 904241 and 26?
13
What is the greatest common factor of 1041 and 560405?
347
What is the greatest common factor of 646944 and 8?
8
Calculate the greatest common divisor of 278 and 708622.
278
Calculate the greatest common divisor of 7 and 7093996.
7
Calculate the highest common factor of 1505 and 14.
7
What is the greatest common factor of 9401 and 595?
119
What is the greatest common factor of 850 and 15045?
85
What is the highest common divisor of 120 and 14595?
15
Calculate the highest common divisor of 193 and 7.
1
Calculate the greatest common factor of 15828 and 345.
3
What is the greatest common divisor of 80 and 68848?
16
Calculate the greatest common divisor of 561 and 12145089.
561
Calculate the highest common factor of 3310 and 2910.
10
What is the highest common divisor of 53119 and 484?
121
Calculate the highest common divisor of 837 and 3937.
31
What is the greatest common divisor of 171130 and 436?
218
What is the highest common divisor of 20 and 22060?
20
What is the highest common divisor of 65552 and 1088?
272
What is the highest common factor of 45 and 3182265?
45
Calculate the highest common factor of 296 and 307026.
74
Calculate the greatest common divisor of 254395 and 415.
415
What is the greatest common divisor of 138703 and 533?
41
What is the greatest common divisor of 85 and 2669?
17
Calculate the greatest common factor of 30081 and 3252.
813
Calculate the greatest common factor of 31 and 638383.
31
Calculate the highest common factor of 716059 and 764.
191
Calculate the greatest common divisor of 236 and 44.
4
Calculate the greatest common divisor of 100127 and 14368.
449
What is the greatest common divisor of 65 and 992615?
65
What is the greatest common divisor of 15 and 323805?
15
What is the highest common factor of 1332 and 1276722?
666
What is the highest common factor of 173353 and 3028?
757
What is the highest common divisor of 3818 and 166?
166
Calculate the greatest common divisor of 25 and 128525.
25
What is the highest common factor of 96093 and 9?
9
What is the highest common factor of 205 and 281?
1
What is the highest common factor of 8 and 14072?
8
Calculate the greatest common factor of 457997 and 1972.
493
Calculate the greatest common factor of 22 and 10072.
2
Calculate the highest common factor of 122830 and 6390.
710
Calculate the greatest common divisor of 159611 and 579.
193
What is the greatest common divisor of 302817 and 1737?
579
What is the greatest common factor of 673914 and 306?
102
What is the greatest common divisor of 271778 and 260?
26
What is the highest common factor of 180387 and 306?
153
Calculate the greatest common divisor of 84 and 42966.
42
What is the highest common factor of 51 and 225539?
17
Calculate the highest common factor of 262 and 568147.
131
Calculate the greatest common divisor of 979 and 1602.
89
What is the greatest common factor of 49 and 34433?
7
What is the greatest common divisor of 350975 and 55?
5
Calculate the highest common factor of 198 and 891.
99
Calculate the highest common factor of 81126 and 18.
18
Calculate the greatest common divisor of 637 and 242879.
91
Calculate the highest common divisor of 27 and 274.
1
Calculate the greatest common divisor of 85 and 296208.
17
What is the greatest common divisor of 133 and 801458?
133
What is the highest common divisor of 5129590 and 10?
10
Calculate the highest common factor of 777 and 555.
111
Calculate the highest common divisor of 575310 and 30.
30
Calculate the highest common divisor of 5 and 301055.
5
What is the greatest common factor of 224 and 53704?
56
What is the highest common divisor of 414 and 517707?
207
Calculate the greatest common divisor of 292 and 166148.
292
Calculate the greatest common factor of 7843 and 9476.
23
Calculate the highest common factor of 139285 and 445.
445
What is the greatest common factor of 10644 and 24?
12
What is the greatest common factor of 112 and 776160?
112
Calculate the greatest common divisor of 1904 and 1241.
17
What is the greatest common factor of 257 and 49601?
257
Calculate the highest common divisor of 160584 and 24.
24
What is the greatest common divisor of 8448 and 89856?
768
Calculate the highest common divisor of 24 and 85428.
12
What is the greatest common factor of 206141 and 202?
101
What is the greatest common factor of 4293 and 53055?
81
Calculate the highest common divisor of 5400 and 6696.
216
What is the greatest common divisor of 4241946 and 696?
174
What is the greatest common factor of 847 and 1331726?
121
What is the greatest common factor of 6468 and 1106?
14
What is the highest common factor of 49616 and 4873?
443
What is the highest common factor of 24363 and 2367?
9
What is the highest common factor of 1038912 and 1904?
112
What is the highest common divisor of 239 and 184986?
239
What is the greatest common divisor of 50 and 1655?
5
What is the greatest common divisor of 351 and 44343?
117
Calculate the highest common factor of 1454 and 237729.
727
Calculate the greatest common divisor of 144690 and 98.
14
Calculate the greatest common divisor of 85266 and 54.
54
Calculate the highest common divisor of 35168 and 976.
16
Calculate the greatest common factor of 35 and 206375.
5
What is the highest common factor of 43941 and 582?
291
What is the greatest common divisor of 269 and 53?
1
Calculate the greatest common factor of 546 and 756.
42
Calculate the greatest common factor of 288 and 260856.
72
Calculate the highest common divisor of 3000305 and 165.
55
Calculate the highest common factor of 10 and 50315.
5
Calculate the greatest common factor of 116 and 256.
4
Calculate the greatest common factor of 8 and 4420376.
8
Calculate the greatest common divisor of 97916 and 13.
13
What is the highest common divisor of 20552 and 128?
8
Calculate the greatest common factor of 4085 and 36550.
215
What is the greatest common divisor of 26112 and 102000?
816
What is the highest common divisor of 2704 and 15717?
169
What is the greatest common factor of 24 and 12918?
6
What is the highest common divisor of 1546 and 714?
2
What is the highest common factor of 912 and 115216?
304
Calculate the highest common factor of 865 and 6905295.
865
What is the highest common factor of 1349 and 211154?
71
What is the highest common factor of 2294040 and 10?
10
Calculate the highest common factor of 840 and 173640.
120
Calculate the highest common divisor of 374 and 4709.
17
What is the highest common factor of 1157 and 14507?
89
Calculate the greatest common factor of 352942 and 1199.
109
What is the greatest common divisor of 570 and 1006563?
57
What is the highest common factor of 9